 (base 6) to base 8.
2454243
What is -16733470 (base 9) in base 7?
-131313555
Convert -1275044 (base 12) to base 6.
-205544124
Convert 1002022200201 (base 3) to base 14.
110488
Convert 1b67d5 (base 14) to base 16.
eedf7
What is 68ee95 (base 16) in base 12?
2377785
Convert 37760 (base 10) to base 4.
21032000
What is -50462 (base 15) in base 10?
-254117
What is 132332003323 (base 4) in base 14?
1114907
Convert -10111222102121 (base 3) to base 12.
-761a51
30212223221 (base 4) to base 9
6185418
-20440130 (base 7) to base 8
-6447124
What is dc644 (base 15) in base 5?
134400124
Convert 545b0 (base 16) to base 4.
1110112300
276576 (base 8) to base 7
554505
What is -15600345 (base 7) in base 8?
-5612552
What is -134421235 (base 6) in base 13?
-74c246
-300221110023 (base 4) to base 10
-12752139
What is -189016 (base 15) in base 11?
-746716
What is -4300210 (base 6) in base 2?
-110011010001101110
-1010222200222 (base 3) to base 14
-11c404
Convert 831861 (base 9) to base 10.
493507
What is 25236655 (base 7) in base 15?
3001ca
What is -10311004 (base 5) in base 6?
-1520330
Convert -1407427 (base 8) to base 11.
-251371
What is 4274b (base 14) in base 10?
160591
What is -7a85 (base 11) in base 15?
-3230
-10415021 (base 7) to base 13
-254438
Convert 7397a9 (base 11) to base 2.
100100001000111100001
Convert -1230313 (base 10) to base 12.
-4b3ba1
What is 306525 (base 7) in base 5?
3141433
1230311 (base 6) to base 15
14941
555151 (base 7) to base 3
11222012201
2314102020 (base 5) to base 16
4faef7
Convert -106895 (base 16) to base 6.
-35014245
524049 (base 11) to base 2
11001101000011101010
What is 265ab8 (base 12) in base 11?
3a2069
What is 1364826 (base 10) in base 9?
2510163
Convert -22220010111 (base 3) to base 4.
-222233032
-100000101101101 (base 2) to base 12
-9839
Convert -1375a8 (base 13) to base 6.
-14051214
Convert 10020221313 (base 4) to base 8.
4105167
Convert -3663304 (base 8) to base 13.
-294562
1c9590 (base 14) to base 8
3721152
a92435 (base 11) to base 14
33615d
Convert -1110111110000101011 (base 2) to base 5.
-111144124
-111010101010011000001 (base 2) to base 3
-10121122211010
Convert -50364556 (base 7) to base 3.
-21212120122101
What is 1254265 (base 7) in base 12?
7b441
Convert 5a25 (base 16) to base 5.
1214302
Convert 245041524 (base 6) to base 12.
16b62a4
What is -1010202202021100 (base 3) in base 16?
-f981b4
-240440123 (base 5) to base 7
-12265422
Convert -2433422 (base 5) to base 7.
-251303
-1123163 (base 10) to base 9
-2101618
-11210020 (base 4) to base 9
-34234
Convert -91197 (base 10) to base 6.
-1542113
Convert -2528 (base 16) to base 6.
-112012
-266172 (base 8) to base 12
-45bb6
330020100 (base 4) to base 5
30340123
Convert -15130a (base 12) to base 3.
-200000112101
-111110010111110 (base 2) to base 3
-1121210202
112101000211221 (base 3) to base 12
2683b07
What is -588b69 (base 15) in base 5?
-2040401244
-51a27 (base 14) to base 8
-600323
What is 441453 (base 8) in base 3?
21112101101
5317022 (base 8) to base 11
88844a
-10ff1d (base 16) to base 6
-35512513
Convert -2431542 (base 7) to base 6.
-10352443
What is 1792856 (base 12) in base 6?
253233350
Convert -1a71a6a (base 11) to base 14.
-66ab9d
Convert -1233 (base 13) to base 7.
-10341
Convert 75ae53 (base 15) to base 11.
3189737
What is -897330 (base 12) in base 10?
-2189844
3003211 (base 4) to base 14
47c1
Convert 111110101010011100110100 (base 2) to base 3.
1010220120100011
Convert -18c95e (base 16) to base 13.
-44b4bc
-55180 (base 14) to base 15
-41108
Convert 1073956 (base 10) to base 14.
1dd552
What is a81d (base 14) in base 15?
890a
What is -2133032 (base 5) in base 13?
-138a8
Convert -3198176 (base 10) to base 11.
-1894923
What is -34201340 (base 7) in base 16?
-2d667d
Convert 253222 (base 10) to base 6.
5232154
10242233032 (base 5) to base 3
202111201210221
Convert 100000111110010110001 (base 2) to base 14.
201aa5
4151b3 (base 12) to base 4
3322033113
Convert -233012002 (base 4) to base 14.
-50426
Convert -3053114 (base 9) to base 2.
-110001101110011100001
-29340 (base 15) to base 14
-36344
Convert -3622233 (base 7) to base 9.
-770153
-230113311 (base 4) to base 7
-1354611
1211021000020 (base 3) to base 14
1b34b6
Convert 11000201211 (base 3) to base 8.
232643
What is -ab563 (base 12) in base 9?
-375543
What is -651466 (base 9) in base 10?
-388212
186a7b7 (base 12) to base 15
6b1d3d
531300 (base 8) to base 11
110947
Convert 14836b (base 12) to base 14.
901c7
-14356415 (base 7) to base 5
-321440311
What is 2102002022011 (base 3) in base 11?
7a5542
What is -74103 (base 11) in base 14?
-2b499
Convert 2414420 (base 6) to base 9.
212753
a8435 (base 14) to base 3
202200012222
a94818 (base 14) to base 15
784aba
-6771831 (base 9) to base 2
-1101111010111100101001
What is -65042 (base 9) in base 5?
-2334144
Convert 228350 (base 12) to base 8.
2070754
Convert -1100010001011100101 (base 2) to base 10.
-402149
Convert d451b (base 15) to base 3.
1021011212122
What is 43930 (base 15) in base 10?
214695
What is -945a0 (base 14) in base 3?
-200011212100
-20211231 (base 5) to base 12
-7a618
Convert 24525314 (base 6) to base 16.
c0aae
What is -10984335 (base 10) in base 7?
-162236205
4936966 (base 10) to base 8
22652406
Convert -155886 (base 9) to base 6.
-2021253
What is 30351340 (base 6) in base 15?
122b79
What is -250eb7 (base 16) in base 8?
-11207267
-202132000 (base 4) to base 7
-1125421
3211332133 (base 4) to base 8
3457637
What is 757097 (base 13) in base 4?
22201023233
What is 651663 (base 11) in base 8?
3762345
Convert -1538407 (base 12) to base 7.
-51415102
4e408d (base 15) to base 2
1110010101111100001011
What is -402041232 (base 5) in base 13?
-43b853
What is -77cd9 (base 14) in base 16?
-46f67
What is 23985 (base 15) in base 10?
113525
What is 11110100101000001111100 (base 2) in base 10?
8015996
Convert -137504 (base 10) to base 13.
-4a783
Convert -9b70b (base 16) to base 9.
-1170325
Convert 11144404 (base 5) to base 3.
12002010221
-583820 (base 10) to base 4
-2032202030
Convert 2321231 (base 5) to base 3.
2010201000
What is 1121101220 (base 3) in base 8?
75631
What is -1141684 (base 9) in base 8?
-2267051
1120452 (base 7) to base 8
420343
What is 2003452 (base 8) in base 11?
32a313
What is -50a486 (base 13) in base 11?
-1073983
-1056326 (base 7) to base 16
-20327
What is -1305501 (base 7) in base 5?
-20420111
1001000010111110010 (base 2) to base 3
120001122001
Convert -7121347 (base 8) to base 15.
-2710e1
What is -1303b7 (base 15) in base 8?
-3365341
Convert -970a1 (base 16) to base 10.
-618657
Convert -c0882f (base 16) to base 5.
-11212232100
21311143 (base 6) to base 12
2654b3
Convert 1aa6060 (base 11) to base 9.
6580181
-293914 (base 11) to base 4
-1300003120
Convert -21e3e1 (base 15) to base 9.
-3034724
-262c1e (base 16) to base 2
-1001100010110000011110
What is -ab517 (base 12) in base 9?
-375471
What is -12444012 (base 5) in base 6?
-2402054
Convert 9e3a (base 15) to base 3.
1201001201
-a296e (base 16) to base 5
-132302331
Convert -343331120 (base 6) to base 11.
-3630936
12546252 (base 8) to base 7
32561366
1377d (base 15) to base 3
10011122201
-3221023 (base 7) to base 5
-100013343
Convert -777252 (base 9) to base 13.
-133601
What is -45223 (base 15) in base 12?
-a7296
Convert -15533363 (base 7) to base 14.
-2b22a3
What is -69a46 (base 11) in base 12?
-4a5b9
Convert 116a46 (base 12) to base 7.
2251332
What is 1000012020100 (base 3) in base 14?
dd0c9
What is -24031204 (base 5) in base 11?
-140991
Convert 713a6 (base 13) to base 14.
53c75
What is 6166118 (base 12) in base 13?
3a39520
-13310112121 (base 4) to base 7
-23264011
-133201100 (base 4) to base 11
-88aa8
What is -1714785 (base 9) in base 14?
-1abdd7
30122012301 (base 4) to base 5
1313041112
-278028 (base 10) to base 2
-1000011111000001100
Convert 87a01b (base 16) to base 9.
17646461
Convert 6a7636 (base 13) to base 15.
34e88b
What is -318982 (base 12) in base 8?
-2770162
1361843 (base 9) to base 6
24021150
-9372b7 (base 12) to base 3
-11100120111211
-172978 (base 10) to base 13
-60970
Convert 213400240 (base 5) to base 15.
13239a
Convert -3350c3 (base 15) to base 4.
-21111123102
Convert -11201132 (base 5) to base 3.
-12002101220
Convert 17603bb (base 12) to base 15.
65ccee
What is -107150 (base 11) in base 12?
-